{"id":542,"date":"2020-06-11T22:49:37","date_gmt":"2020-06-11T22:49:37","guid":{"rendered":"https:\/\/www.jaderdias.com.br\/site\/?page_id=542"},"modified":"2020-11-09T14:32:43","modified_gmt":"2020-11-09T14:32:43","slug":"podcasts-jader-dias","status":"publish","type":"page","link":"https:\/\/www.jaderdias.com.br\/site\/podcasts-jader-dias\/","title":{"rendered":"Podcasts Jader Dias"},"content":{"rendered":"\n<figure><iframe loading=\"lazy\" src=\"https:\/\/w.soundcloud.com\/player\/?url=https%3A\/\/api.soundcloud.com\/tracks\/925740775&amp;color=%23784c28&amp;auto_play=false&amp;hide_related=false&amp;show_comments=true&amp;show_user=true&amp;show_reposts=false&amp;show_teaser=true\" width=\"100%\" height=\"166\"><\/iframe><\/figure>\n\n\n\n<p><a href=\"https:\/\/soundcloud.com\/jaderdias\" target=\"_blank\" rel=\"noreferrer noopener\">Jader Dias<\/a> \u00b7 <a href=\"https:\/\/soundcloud.com\/jaderdias\/recomposicao-salarial-do-municipio-de-belem-1772\" target=\"_blank\" rel=\"noreferrer noopener\">Recomposi\u00e7\u00e3o Salarial do Munic\u00edpio de Bel\u00e9m &#8211; 17,72%<\/a><\/p>\n\n\n\n<figure><iframe loading=\"lazy\" src=\"https:\/\/w.soundcloud.com\/player\/?url=https%3A\/\/api.soundcloud.com\/tracks\/925742098&amp;color=%23784c28&amp;auto_play=false&amp;hide_related=false&amp;show_comments=true&amp;show_user=true&amp;show_reposts=false&amp;show_teaser=true\" width=\"100%\" height=\"166\"><\/iframe><\/figure>\n\n\n\n<p><a href=\"https:\/\/soundcloud.com\/jaderdias\" target=\"_blank\" rel=\"noreferrer noopener\">Jader Dias<\/a> \u00b7 <a href=\"https:\/\/soundcloud.com\/jaderdias\/piso-nacional-do-magisterio-municipio-de-belem-e-estado-do-para\" target=\"_blank\" rel=\"noreferrer noopener\">Piso Nacional do Magist\u00e9rio &#8211; Munic\u00edpio de Bel\u00e9m e Estado do Par\u00e1<\/a><\/p>\n\n\n\n<figure><iframe loading=\"lazy\" src=\"https:\/\/w.soundcloud.com\/player\/?url=https%3A\/\/api.soundcloud.com\/tracks\/925742776&amp;color=%23784c28&amp;auto_play=false&amp;hide_related=false&amp;show_comments=true&amp;show_user=true&amp;show_reposts=false&amp;show_teaser=true\" width=\"100%\" height=\"166\"><\/iframe><\/figure>\n\n\n\n<p><a href=\"https:\/\/soundcloud.com\/jaderdias\" target=\"_blank\" rel=\"noreferrer noopener\">Jader Dias<\/a> \u00b7 <a href=\"https:\/\/soundcloud.com\/jaderdias\/incorporacao-1198-do-ipamb\" target=\"_blank\" rel=\"noreferrer noopener\">INCORPORA\u00c7\u00c3O 11,98% DO IPAMB<\/a><\/p>\n\n\n\n<figure><iframe loading=\"lazy\" src=\"https:\/\/w.soundcloud.com\/player\/?url=https%3A\/\/api.soundcloud.com\/tracks\/869689834&amp;color=%23784c28&amp;auto_play=false&amp;hide_related=false&amp;show_comments=true&amp;show_user=true&amp;show_reposts=false&amp;show_teaser=true\" width=\"100%\" height=\"166\"><\/iframe><\/figure>\n\n\n\n<p><a href=\"https:\/\/soundcloud.com\/jaderdias\" target=\"_blank\" rel=\"noreferrer noopener\">Jader Dias<\/a> \u00b7 <a href=\"https:\/\/soundcloud.com\/jaderdias\/pagamento-das-aulas-suplementares\" target=\"_blank\" rel=\"noreferrer noopener\">Pagamento das Aulas Suplementares<\/a><\/p>\n\n\n\n<figure><iframe loading=\"lazy\" src=\"https:\/\/w.soundcloud.com\/player\/?url=https%3A\/\/api.soundcloud.com\/tracks\/839020363&amp;color=%23784c28&amp;auto_play=false&amp;hide_related=false&amp;show_comments=true&amp;show_user=true&amp;show_reposts=false&amp;show_teaser=true\" width=\"100%\" height=\"166\"><\/iframe><\/figure>\n\n\n\n<p><a href=\"https:\/\/soundcloud.com\/jaderdias\" target=\"_blank\" rel=\"noreferrer noopener\">Jader Dias<\/a> \u00b7 <a href=\"https:\/\/soundcloud.com\/jaderdias\/podcast-restabelecimento-do-pagamento-de-precatorios-dos-reintegrados-da-camara\" target=\"_blank\" rel=\"noreferrer noopener\">Podcast &#8211; Restabelecimento do pagamento de Precat\u00f3rios dos Reintegrados da C\u00e2mara<\/a><\/p>\n\n\n\n<figure><iframe loading=\"lazy\" src=\"https:\/\/w.soundcloud.com\/player\/?url=https%3A\/\/api.soundcloud.com\/tracks\/838526323&amp;color=%23784c28&amp;auto_play=false&amp;hide_related=false&amp;show_comments=true&amp;show_user=true&amp;show_reposts=false&amp;show_teaser=true\" width=\"100%\" height=\"166\"><\/iframe><\/figure>\n\n\n\n<p><a href=\"https:\/\/soundcloud.com\/jaderdias\" target=\"_blank\" rel=\"noreferrer noopener\">Jader Dias<\/a> \u00b7 <a href=\"https:\/\/soundcloud.com\/jaderdias\/podcast-urv-e-gratificacao-legislativa-da-camara\" target=\"_blank\" rel=\"noreferrer noopener\">Podcast- URV e Gratifica\u00e7\u00e3o Legislativa da C\u00e2mara<\/a><\/p>\n","protected":false},"excerpt":{"rendered":"<p>Jader Dias \u00b7 Recomposi\u00e7\u00e3o Salarial do Munic\u00edpio de Bel\u00e9m &#8211; 17,72% Jader Dias \u00b7 Piso Nacional do Magist\u00e9rio &#8211; Munic\u00edpio de Bel\u00e9m e Estado do Par\u00e1 Jader Dias \u00b7 INCORPORA\u00c7\u00c3O 11,98% DO IPAMB Jader Dias \u00b7 Pagamento das Aulas Suplementares Jader Dias \u00b7 Podcast &#8211; Restabelecimento do pagamento de Precat\u00f3rios&hellip;<\/p>\n","protected":false},"author":1,"featured_media":0,"parent":0,"menu_order":0,"comment_status":"closed","ping_status":"closed","template":"","meta":{"footnotes":""},"class_list":["post-542","page","type-page","status-publish","hentry"],"_links":{"self":[{"href":"https:\/\/www.jaderdias.com.br\/site\/wp-json\/wp\/v2\/pages\/542","targetHints":{"allow":["GET"]}}],"collection":[{"href":"https:\/\/www.jaderdias.com.br\/site\/wp-json\/wp\/v2\/pages"}],"about":[{"href":"https:\/\/www.jaderdias.com.br\/site\/wp-json\/wp\/v2\/types\/page"}],"author":[{"embeddable":true,"href":"https:\/\/www.jaderdias.com.br\/site\/wp-json\/wp\/v2\/users\/1"}],"replies":[{"embeddable":true,"href":"https:\/\/www.jaderdias.com.br\/site\/wp-json\/wp\/v2\/comments?post=542"}],"version-history":[{"count":10,"href":"https:\/\/www.jaderdias.com.br\/site\/wp-json\/wp\/v2\/pages\/542\/revisions"}],"predecessor-version":[{"id":560,"href":"https:\/\/www.jaderdias.com.br\/site\/wp-json\/wp\/v2\/pages\/542\/revisions\/560"}],"wp:attachment":[{"href":"https:\/\/www.jaderdias.com.br\/site\/wp-json\/wp\/v2\/media?parent=542"}],"curies":[{"name":"wp","href":"https:\/\/api.w.org\/{rel}","templated":true}]}}